{"id":13107,"date":"2025-08-05T16:17:04","date_gmt":"2025-08-05T14:17:04","guid":{"rendered":"https:\/\/apycreative.com\/terms-and-conditions\/"},"modified":"2025-08-15T13:43:53","modified_gmt":"2025-08-15T11:43:53","slug":"terms-and-conditions","status":"publish","type":"page","link":"https:\/\/apycreative.com\/?page_id=13107","title":{"rendered":"Terms and Conditions"},"content":{"rendered":"\t\t<div data-elementor-type=\"wp-page\" data-elementor-id=\"13107\" class=\"elementor elementor-13107\" data-elementor-post-type=\"page\">\n\t\t\t\t<div class=\"elementor-element elementor-element-21e7e14b e-flex e-con-boxed e-con e-parent\" data-id=\"21e7e14b\" data-element_type=\"container\" data-e-type=\"container\">\n\t\t\t\t\t<div class=\"e-con-inner\">\n\t\t<div class=\"elementor-element elementor-element-7cd37686 e-con-full e-flex e-con e-child\" data-id=\"7cd37686\" data-element_type=\"container\" data-e-type=\"container\">\n\t\t\t\t<div class=\"elementor-element elementor-element-12d8da80 elementor-absolute e-transform e-transform elementor-widget elementor-widget-heading\" data-id=\"12d8da80\" data-element_type=\"widget\" data-e-type=\"widget\" data-settings=\"{&quot;_position&quot;:&quot;absolute&quot;,&quot;_transform_rotateZ_effect&quot;:{&quot;unit&quot;:&quot;px&quot;,&quot;size&quot;:90,&quot;sizes&quot;:[]},&quot;_transform_translateX_effect&quot;:{&quot;unit&quot;:&quot;px&quot;,&quot;size&quot;:70,&quot;sizes&quot;:[]},&quot;_transform_translateY_effect&quot;:{&quot;unit&quot;:&quot;px&quot;,&quot;size&quot;:-25,&quot;sizes&quot;:[]},&quot;_transform_translateY_effect_laptop&quot;:{&quot;unit&quot;:&quot;%&quot;,&quot;size&quot;:&quot;&quot;,&quot;sizes&quot;:[]},&quot;_transform_translateY_effect_tablet_extra&quot;:{&quot;unit&quot;:&quot;%&quot;,&quot;size&quot;:&quot;&quot;,&quot;sizes&quot;:[]},&quot;_transform_translateY_effect_tablet&quot;:{&quot;unit&quot;:&quot;%&quot;,&quot;size&quot;:&quot;&quot;,&quot;sizes&quot;:[]},&quot;_transform_translateY_effect_mobile_extra&quot;:{&quot;unit&quot;:&quot;%&quot;,&quot;size&quot;:&quot;&quot;,&quot;sizes&quot;:[]},&quot;_transform_translateY_effect_mobile&quot;:{&quot;unit&quot;:&quot;%&quot;,&quot;size&quot;:&quot;&quot;,&quot;sizes&quot;:[]},&quot;_transform_rotateZ_effect_widescreen&quot;:{&quot;unit&quot;:&quot;deg&quot;,&quot;size&quot;:&quot;&quot;,&quot;sizes&quot;:[]},&quot;_transform_rotateZ_effect_laptop&quot;:{&quot;unit&quot;:&quot;deg&quot;,&quot;size&quot;:&quot;&quot;,&quot;sizes&quot;:[]},&quot;_transform_rotateZ_effect_tablet_extra&quot;:{&quot;unit&quot;:&quot;deg&quot;,&quot;size&quot;:&quot;&quot;,&quot;sizes&quot;:[]},&quot;_transform_rotateZ_effect_tablet&quot;:{&quot;unit&quot;:&quot;deg&quot;,&quot;size&quot;:&quot;&quot;,&quot;sizes&quot;:[]},&quot;_transform_rotateZ_effect_mobile_extra&quot;:{&quot;unit&quot;:&quot;deg&quot;,&quot;size&quot;:&quot;&quot;,&quot;sizes&quot;:[]},&quot;_transform_rotateZ_effect_mobile&quot;:{&quot;unit&quot;:&quot;deg&quot;,&quot;size&quot;:&quot;&quot;,&quot;sizes&quot;:[]},&quot;_transform_translateX_effect_widescreen&quot;:{&quot;unit&quot;:&quot;px&quot;,&quot;size&quot;:&quot;&quot;,&quot;sizes&quot;:[]},&quot;_transform_translateX_effect_laptop&quot;:{&quot;unit&quot;:&quot;px&quot;,&quot;size&quot;:&quot;&quot;,&quot;sizes&quot;:[]},&quot;_transform_translateX_effect_tablet_extra&quot;:{&quot;unit&quot;:&quot;px&quot;,&quot;size&quot;:&quot;&quot;,&quot;sizes&quot;:[]},&quot;_transform_translateX_effect_tablet&quot;:{&quot;unit&quot;:&quot;px&quot;,&quot;size&quot;:&quot;&quot;,&quot;sizes&quot;:[]},&quot;_transform_translateX_effect_mobile_extra&quot;:{&quot;unit&quot;:&quot;px&quot;,&quot;size&quot;:&quot;&quot;,&quot;sizes&quot;:[]},&quot;_transform_translateX_effect_mobile&quot;:{&quot;unit&quot;:&quot;px&quot;,&quot;size&quot;:&quot;&quot;,&quot;sizes&quot;:[]},&quot;_transform_translateY_effect_widescreen&quot;:{&quot;unit&quot;:&quot;px&quot;,&quot;size&quot;:&quot;&quot;,&quot;sizes&quot;:[]}}\" data-widget_type=\"heading.default\">\n\t\t\t\t<div class=\"elementor-widget-container\">\n\t\t\t\t\t<div class=\"elementor-heading-title elementor-size-default\">RGPD<\/div>\t\t\t\t<\/div>\n\t\t\t\t<\/div>\n\t\t\t\t<div class=\"elementor-element elementor-element-585bb060 elementor-widget__width-initial elementor-widget elementor-widget-text-editor\" data-id=\"585bb060\" data-element_type=\"widget\" data-e-type=\"widget\" data-widget_type=\"text-editor.default\">\n\t\t\t\t<div class=\"elementor-widget-container\">\n\t\t\t\t\t\t\t\t\t<p>\u00a0<\/p><p>Le pr\u00e9sent site est \u00e9dit\u00e9 par Apy Creative<\/p><p>Adresse : 15 rue des palmiers 06600 ANTIBES<\/p><p>T\u00e9l\u00e9phone : + 33 6 60 20 47 53<\/p><p>Email : aurelie.phily@me.com<\/p><p>Directeur de la publication : Aur\u00e9lie PHILY<\/p><p>\u00a0<\/p><p>Le site a \u00e9t\u00e9 cr\u00e9e par Apy creative<\/p><p>Site web :apycreative.com<\/p><p>Adresse : 15 rue des palmiers 06600 ANTIBES<\/p><p>T\u00e9l\u00e9phone : + 33 6 60 20 47 53<\/p><p>Email : aurelie.phily@me.com<\/p><p>\u00a0<\/p><p>Le site web est h\u00e9berg\u00e9 par OVH SAS est une filiale de la soci\u00e9t\u00e9 OVH Groupe SA, soci\u00e9t\u00e9 immatricul\u00e9e au RCS de Lille sous le num\u00e9ro 537 407 926 sise 2, rue Kellermann, 59100 Roubaix.<\/p><p>Ce site est h\u00e9berg\u00e9 par OVH SAS 2 rue Kellermann &#8211; 59100 Roubaix &#8211; France<\/p><p>Le contenu du site est prot\u00e9g\u00e9 par les lois fran\u00e7aises et internationales sur la propri\u00e9t\u00e9 intellectuelle et le droit d&rsquo;auteur.<\/p><p>\u00a0<\/p><p>Toute reproduction totale ou partielle du contenu du site est interdite sans autorisation pr\u00e9alable de APY CREATIVE.<\/p><p>Les informations personnelles collect\u00e9es sur ce site sont destin\u00e9es \u00e0 [Nom de l&rsquo;entreprise] et ne seront en aucun cas transmises \u00e0 des tiers sans votre consentement.<\/p><p>Conform\u00e9ment \u00e0 la loi \u00ab\u00a0Informatique et Libert\u00e9s\u00a0\u00bb, vous disposez d&rsquo;un droit d&rsquo;acc\u00e8s, de rectification et de suppression des donn\u00e9es vous concernant. Pour exercer ce droit, veuillez nous contacter \u00e0 l&rsquo;adresse suivante : [Adresse de l&rsquo;entreprise].<\/p><p>\u00a0<\/p><p>Les cookies utilis\u00e9s sur ce site sont destin\u00e9s \u00e0 am\u00e9liorer l&rsquo;exp\u00e9rience utilisateur et ne sont en aucun cas utilis\u00e9s \u00e0 des fins commerciales. Vous pouvez d\u00e9sactiver l&rsquo;utilisation des cookies dans les param\u00e8tres de votre navigateur.<\/p><p>Ce site utilise Google Analytics, un service d&rsquo;analyse de site internet fourni par Google Inc. (\u00ab\u00a0Google\u00a0\u00bb). Google Analytics utilise des cookies, qui sont des fichiers texte plac\u00e9s sur votre ordinateur, pour aider le site internet \u00e0 analyser l&rsquo;utilisation du site par ses utilisateurs. Les donn\u00e9es g\u00e9n\u00e9r\u00e9es par les cookies concernant votre utilisation du site (y compris votre adresse IP) seront transmises et stock\u00e9es par Google sur des serveurs situ\u00e9s aux \u00c9tats-Unis. Google utilisera cette information dans le but d&rsquo;\u00e9valuer votre utilisation du site, de compiler des rapports sur l&rsquo;activit\u00e9 du site \u00e0 destination de son \u00e9diteur et de fournir d&rsquo;autres services relatifs \u00e0 l&rsquo;activit\u00e9 du site et \u00e0 l&rsquo;utilisation d&rsquo;Internet. Google est susceptible de communiquer ces donn\u00e9es \u00e0 des tiers en cas d&rsquo;obligation l\u00e9gale ou lorsque ces tiers traitent ces donn\u00e9es pour le compte de Google, y compris notamment l&rsquo;\u00e9diteur de ce site. Google ne recoupera pas votre adresse IP avec toute autre donn\u00e9e d\u00e9tenue par Google. En utilisant ce site internet, vous consentez express\u00e9ment au traitement de vos donn\u00e9es nominatives par Google dans les conditions et pour les finalit\u00e9s d\u00e9crites ci-dessus.<\/p><p>Les pr\u00e9sentes mentions l\u00e9gales sont r\u00e9gies par le droit fran\u00e7ais. En cas de litige, les tribunaux fran\u00e7ais seront seuls comp\u00e9tents.<\/p><p>\u00a0<\/p><p><strong>Conditions G\u00e9n\u00e9rales d&rsquo;Utilisation (CGU)<\/strong><\/p><p>Les pr\u00e9sentes Conditions G\u00e9n\u00e9rales d&rsquo;Utilisation (ci-apr\u00e8s d\u00e9nomm\u00e9es \u00ab\u00a0CGU\u00a0\u00bb) r\u00e9gissent l&rsquo;utilisation du site internet https:\/\/apycreative.com\/ (ci-apr\u00e8s d\u00e9nomm\u00e9 \u00ab\u00a0le site\u00a0\u00bb) \u00e9dit\u00e9 par APY CREATIVE \u00a0(ci-apr\u00e8s d\u00e9nomm\u00e9 \u00ab\u00a0l&rsquo;\u00c9diteur\u00a0\u00bb).<\/p><p>Acceptation des conditions En acc\u00e9dant et en utilisant le site, l&rsquo;utilisateur reconna\u00eet avoir pris connaissance des pr\u00e9sentes CGU et les accepte sans r\u00e9serve. Si l&rsquo;utilisateur n&rsquo;accepte pas ces CGU, il est pri\u00e9 de ne pas utiliser le site.<\/p><p>Acc\u00e8s au site L&rsquo;acc\u00e8s au site est libre et gratuit pour tout utilisateur disposant d&rsquo;un acc\u00e8s \u00e0 internet. L&rsquo;\u00c9diteur se r\u00e9serve le droit de modifier, de suspendre ou de mettre fin \u00e0 l&rsquo;acc\u00e8s au site, \u00e0 tout moment et sans pr\u00e9avis.<\/p><p>Contenu du site Le contenu du site est fourni \u00e0 titre informatif uniquement et peut \u00eatre modifi\u00e9 \u00e0 tout moment par l&rsquo;\u00c9diteur sans pr\u00e9avis. L&rsquo;\u00c9diteur ne peut garantir l&rsquo;exactitude, l&rsquo;exhaustivit\u00e9 ou la pertinence du contenu du site et d\u00e9cline toute responsabilit\u00e9 en cas d&rsquo;erreur ou d&rsquo;omission dans ce contenu.<\/p><p>Propri\u00e9t\u00e9 intellectuelle Le contenu du site, y compris les textes, images, vid\u00e9os, logos et autres \u00e9l\u00e9ments, est prot\u00e9g\u00e9 par les lois fran\u00e7aises et internationales sur la propri\u00e9t\u00e9 intellectuelle et le droit d&rsquo;auteur. Toute reproduction, modification, distribution ou exploitation du contenu du site, en tout ou en partie, est strictement interdite sans autorisation pr\u00e9alable de l&rsquo;\u00c9diteur.<\/p><p>\u00a0<\/p><p>Liens vers d&rsquo;autres sites Le site peut contenir des liens vers d&rsquo;autres sites internet. L&rsquo;\u00c9diteur d\u00e9cline toute responsabilit\u00e9 quant au contenu de ces sites et aux \u00e9ventuels dommages ou pr\u00e9judices pouvant r\u00e9sulter de leur utilisation.<\/p><p>Modification des CGU L&rsquo;\u00c9diteur se r\u00e9serve le droit de modifier \u00e0 tout moment les pr\u00e9sentes CGU. Les utilisateurs sont invit\u00e9s \u00e0 consulter r\u00e9guli\u00e8rement cette page pour prendre connaissance des \u00e9ventuelles modifications.<\/p><p>En utilisant le site, l&rsquo;utilisateur reconna\u00eet avoir pris connaissance et accept\u00e9 les pr\u00e9sentes CGU dans leur int\u00e9gralit\u00e9.<\/p>\t\t\t\t\t\t\t\t<\/div>\n\t\t\t\t<\/div>\n\t\t\t\t<\/div>\n\t\t\t\t\t<\/div>\n\t\t\t\t<\/div>\n\t\t\t\t<\/div>\n\t\t","protected":false},"excerpt":{"rendered":"<p>RGPD MENTIONS L\u00c9GALES &nbsp;&nbsp;&nbsp; \u00a0 Le pr\u00e9sent site est \u00e9dit\u00e9 par Apy Creative Adresse : 15 rue des palmiers 06600 ANTIBES T\u00e9l\u00e9phone : + 33 6 60 20 47 53 Email : aurelie.phily@me.com Directeur de la publication : Aur\u00e9lie PHILY \u00a0 Le site a \u00e9t\u00e9 cr\u00e9e par Apy creative Site web :apycreative.com Adresse : 15 [&hellip;]<\/p>\n","protected":false},"author":1,"featured_media":0,"parent":0,"menu_order":0,"comment_status":"closed","ping_status":"closed","template":"","meta":{"footnotes":""},"class_list":["post-13107","page","type-page","status-publish","hentry"],"yoast_head":"<!-- This site is optimized with the Yoast SEO plugin v27.4 - https:\/\/yoast.com\/product\/yoast-seo-wordpress\/ -->\n<title>Terms and Conditions - Apy Creative<\/title>\n<meta name=\"robots\" content=\"index, follow, max-snippet:-1, max-image-preview:large, max-video-preview:-1\" \/>\n<link rel=\"canonical\" href=\"https:\/\/apycreative.com\/?page_id=13107\" \/>\n<meta property=\"og:locale\" content=\"fr_FR\" \/>\n<meta property=\"og:type\" content=\"article\" \/>\n<meta property=\"og:title\" content=\"Terms and Conditions - Apy Creative\" \/>\n<meta property=\"og:description\" content=\"RGPD MENTIONS L\u00c9GALES &nbsp;&nbsp;&nbsp; \u00a0 Le pr\u00e9sent site est \u00e9dit\u00e9 par Apy Creative Adresse : 15 rue des palmiers 06600 ANTIBES T\u00e9l\u00e9phone : + 33 6 60 20 47 53 Email : aurelie.phily@me.com Directeur de la publication : Aur\u00e9lie PHILY \u00a0 Le site a \u00e9t\u00e9 cr\u00e9e par Apy creative Site web :apycreative.com Adresse : 15 [&hellip;]\" \/>\n<meta property=\"og:url\" content=\"https:\/\/apycreative.com\/?page_id=13107\" \/>\n<meta property=\"og:site_name\" content=\"Apy Creative\" \/>\n<meta property=\"article:modified_time\" content=\"2025-08-15T11:43:53+00:00\" \/>\n<meta property=\"og:image\" content=\"https:\/\/apycreative.com\/wp-content\/uploads\/2025\/08\/APYnew.webp\" \/>\n\t<meta property=\"og:image:width\" content=\"500\" \/>\n\t<meta property=\"og:image:height\" content=\"497\" \/>\n\t<meta property=\"og:image:type\" content=\"image\/webp\" \/>\n<meta name=\"twitter:card\" content=\"summary_large_image\" \/>\n<meta name=\"twitter:label1\" content=\"Dur\u00e9e de lecture estim\u00e9e\" \/>\n\t<meta name=\"twitter:data1\" content=\"4 minutes\" \/>\n<script type=\"application\/ld+json\" class=\"yoast-schema-graph\">{\"@context\":\"https:\\\/\\\/schema.org\",\"@graph\":[{\"@type\":\"WebPage\",\"@id\":\"https:\\\/\\\/apycreative.com\\\/?page_id=13107\",\"url\":\"https:\\\/\\\/apycreative.com\\\/?page_id=13107\",\"name\":\"Terms and Conditions - Apy Creative\",\"isPartOf\":{\"@id\":\"https:\\\/\\\/apycreative.com\\\/#website\"},\"datePublished\":\"2025-08-05T14:17:04+00:00\",\"dateModified\":\"2025-08-15T11:43:53+00:00\",\"breadcrumb\":{\"@id\":\"https:\\\/\\\/apycreative.com\\\/?page_id=13107#breadcrumb\"},\"inLanguage\":\"fr-FR\",\"potentialAction\":[{\"@type\":\"ReadAction\",\"target\":[\"https:\\\/\\\/apycreative.com\\\/?page_id=13107\"]}]},{\"@type\":\"BreadcrumbList\",\"@id\":\"https:\\\/\\\/apycreative.com\\\/?page_id=13107#breadcrumb\",\"itemListElement\":[{\"@type\":\"ListItem\",\"position\":1,\"name\":\"Accueil\",\"item\":\"https:\\\/\\\/apycreative.com\\\/\"},{\"@type\":\"ListItem\",\"position\":2,\"name\":\"Terms and Conditions\"}]},{\"@type\":\"WebSite\",\"@id\":\"https:\\\/\\\/apycreative.com\\\/#website\",\"url\":\"https:\\\/\\\/apycreative.com\\\/\",\"name\":\"Apy Creative\",\"description\":\"Votre agence digitale\",\"publisher\":{\"@id\":\"https:\\\/\\\/apycreative.com\\\/#organization\"},\"potentialAction\":[{\"@type\":\"SearchAction\",\"target\":{\"@type\":\"EntryPoint\",\"urlTemplate\":\"https:\\\/\\\/apycreative.com\\\/?s={search_term_string}\"},\"query-input\":{\"@type\":\"PropertyValueSpecification\",\"valueRequired\":true,\"valueName\":\"search_term_string\"}}],\"inLanguage\":\"fr-FR\"},{\"@type\":\"Organization\",\"@id\":\"https:\\\/\\\/apycreative.com\\\/#organization\",\"name\":\"Apy Creative\",\"url\":\"https:\\\/\\\/apycreative.com\\\/\",\"logo\":{\"@type\":\"ImageObject\",\"inLanguage\":\"fr-FR\",\"@id\":\"https:\\\/\\\/apycreative.com\\\/#\\\/schema\\\/logo\\\/image\\\/\",\"url\":\"https:\\\/\\\/apycreative.com\\\/wp-content\\\/uploads\\\/2025\\\/08\\\/APYnew.webp\",\"contentUrl\":\"https:\\\/\\\/apycreative.com\\\/wp-content\\\/uploads\\\/2025\\\/08\\\/APYnew.webp\",\"width\":500,\"height\":497,\"caption\":\"Apy Creative\"},\"image\":{\"@id\":\"https:\\\/\\\/apycreative.com\\\/#\\\/schema\\\/logo\\\/image\\\/\"}}]}<\/script>\n<!-- \/ Yoast SEO plugin. -->","yoast_head_json":{"title":"Terms and Conditions - Apy Creative","robots":{"index":"index","follow":"follow","max-snippet":"max-snippet:-1","max-image-preview":"max-image-preview:large","max-video-preview":"max-video-preview:-1"},"canonical":"https:\/\/apycreative.com\/?page_id=13107","og_locale":"fr_FR","og_type":"article","og_title":"Terms and Conditions - Apy Creative","og_description":"RGPD MENTIONS L\u00c9GALES &nbsp;&nbsp;&nbsp; \u00a0 Le pr\u00e9sent site est \u00e9dit\u00e9 par Apy Creative Adresse : 15 rue des palmiers 06600 ANTIBES T\u00e9l\u00e9phone : + 33 6 60 20 47 53 Email : aurelie.phily@me.com Directeur de la publication : Aur\u00e9lie PHILY \u00a0 Le site a \u00e9t\u00e9 cr\u00e9e par Apy creative Site web :apycreative.com Adresse : 15 [&hellip;]","og_url":"https:\/\/apycreative.com\/?page_id=13107","og_site_name":"Apy Creative","article_modified_time":"2025-08-15T11:43:53+00:00","og_image":[{"width":500,"height":497,"url":"https:\/\/apycreative.com\/wp-content\/uploads\/2025\/08\/APYnew.webp","type":"image\/webp"}],"twitter_card":"summary_large_image","twitter_misc":{"Dur\u00e9e de lecture estim\u00e9e":"4 minutes"},"schema":{"@context":"https:\/\/schema.org","@graph":[{"@type":"WebPage","@id":"https:\/\/apycreative.com\/?page_id=13107","url":"https:\/\/apycreative.com\/?page_id=13107","name":"Terms and Conditions - Apy Creative","isPartOf":{"@id":"https:\/\/apycreative.com\/#website"},"datePublished":"2025-08-05T14:17:04+00:00","dateModified":"2025-08-15T11:43:53+00:00","breadcrumb":{"@id":"https:\/\/apycreative.com\/?page_id=13107#breadcrumb"},"inLanguage":"fr-FR","potentialAction":[{"@type":"ReadAction","target":["https:\/\/apycreative.com\/?page_id=13107"]}]},{"@type":"BreadcrumbList","@id":"https:\/\/apycreative.com\/?page_id=13107#breadcrumb","itemListElement":[{"@type":"ListItem","position":1,"name":"Accueil","item":"https:\/\/apycreative.com\/"},{"@type":"ListItem","position":2,"name":"Terms and Conditions"}]},{"@type":"WebSite","@id":"https:\/\/apycreative.com\/#website","url":"https:\/\/apycreative.com\/","name":"Apy Creative","description":"Votre agence digitale","publisher":{"@id":"https:\/\/apycreative.com\/#organization"},"potentialAction":[{"@type":"SearchAction","target":{"@type":"EntryPoint","urlTemplate":"https:\/\/apycreative.com\/?s={search_term_string}"},"query-input":{"@type":"PropertyValueSpecification","valueRequired":true,"valueName":"search_term_string"}}],"inLanguage":"fr-FR"},{"@type":"Organization","@id":"https:\/\/apycreative.com\/#organization","name":"Apy Creative","url":"https:\/\/apycreative.com\/","logo":{"@type":"ImageObject","inLanguage":"fr-FR","@id":"https:\/\/apycreative.com\/#\/schema\/logo\/image\/","url":"https:\/\/apycreative.com\/wp-content\/uploads\/2025\/08\/APYnew.webp","contentUrl":"https:\/\/apycreative.com\/wp-content\/uploads\/2025\/08\/APYnew.webp","width":500,"height":497,"caption":"Apy Creative"},"image":{"@id":"https:\/\/apycreative.com\/#\/schema\/logo\/image\/"}}]}},"_links":{"self":[{"href":"https:\/\/apycreative.com\/index.php?rest_route=\/wp\/v2\/pages\/13107","targetHints":{"allow":["GET"]}}],"collection":[{"href":"https:\/\/apycreative.com\/index.php?rest_route=\/wp\/v2\/pages"}],"about":[{"href":"https:\/\/apycreative.com\/index.php?rest_route=\/wp\/v2\/types\/page"}],"author":[{"embeddable":true,"href":"https:\/\/apycreative.com\/index.php?rest_route=\/wp\/v2\/users\/1"}],"replies":[{"embeddable":true,"href":"https:\/\/apycreative.com\/index.php?rest_route=%2Fwp%2Fv2%2Fcomments&post=13107"}],"version-history":[{"count":0,"href":"https:\/\/apycreative.com\/index.php?rest_route=\/wp\/v2\/pages\/13107\/revisions"}],"wp:attachment":[{"href":"https:\/\/apycreative.com\/index.php?rest_route=%2Fwp%2Fv2%2Fmedia&parent=13107"}],"curies":[{"name":"wp","href":"https:\/\/api.w.org\/{rel}","templated":true}]}}